test common factor of 48146 and 2128?
266
Calculate the highest common factor of 640 and 8140.
20
What is the highest common factor of 615 and 77190?
15
What is the greatest common divisor of 15109 and 551?
29
What is the highest common factor of 232584 and 1320?
264
What is the highest common divisor of 51302 and 112774?
226
What is the highest common divisor of 182 and 22516?
26
Calculate the greatest common divisor of 42 and 13752.
6
Calculate the greatest common factor of 9372 and 3692.
284
What is the highest common divisor of 1019609 and 1258?
629
What is the greatest common divisor of 144 and 1752030?
18
Calculate the highest common factor of 52409 and 63.
7
Calculate the greatest common divisor of 32332 and 6302.
274
Calculate the greatest common divisor of 15660981 and 63.
63
Calculate the greatest common factor of 1921 and 34510.
17
What is the highest common factor of 1370 and 57760?
10
What is the greatest common divisor of 198 and 18906?
6
Calculate the highest common factor of 10 and 84895.
5
What is the greatest common factor of 30 and 241143?
3
What is the greatest common factor of 89 and 1972?
1
What is the highest common divisor of 1392 and 1968?
48
What is the greatest common factor of 107915 and 9605?
565
What is the highest common divisor of 80 and 48520?
40
What is the highest common factor of 253 and 9867?
253
Calculate the highest common divisor of 22 and 789272.
22
Calculate the greatest common divisor of 745085 and 115.
115
Calculate the greatest common factor of 170 and 25010.
10
Calculate the greatest common factor of 1540172 and 92.
92
Calculate the greatest common divisor of 3401 and 703.
19
Calculate the greatest common factor of 851 and 113873.
23
Calculate the greatest common divisor of 15960 and 28140.
420
Calculate the greatest common divisor of 8649 and 16337.
961
Calculate the highest common factor of 2809 and 3127.
53
What is the highest common divisor of 5851 and 1?
1
What is the highest common factor of 20905 and 740?
185
Calculate the highest common divisor of 154 and 162767.
11
What is the highest common divisor of 307402 and 2?
2
Calculate the greatest common divisor of 189487 and 38.
19
What is the highest common divisor of 3015 and 19905?
15
What is the highest common divisor of 88524 and 1548?
36
Calculate the greatest common factor of 24741 and 36.
9
What is the greatest common factor of 2563084 and 4?
4
Calculate the greatest common divisor of 672 and 531636.
84
Calculate the greatest common divisor of 1976 and 3757.
13
What is the greatest common divisor of 10 and 23615?
5
Calculate the highest common divisor of 38 and 691.
1
Calculate the highest common factor of 376650 and 3627.
279
Calculate the highest common divisor of 40318 and 266.
38
What is the greatest common factor of 6 and 2710938?
6
What is the greatest common factor of 142166 and 1798?
62
Calculate the highest common factor of 158 and 12482.
158
Calculate the greatest common factor of 7282 and 18.
2
What is the highest common divisor of 2170 and 395?
5
Calculate the greatest common divisor of 3864988 and 164.
164
What is the highest common divisor of 999 and 557253?
27
What is the highest common divisor of 49932 and 432?
36
What is the greatest common factor of 929959 and 92?
23
What is the highest common divisor of 43302 and 588?
42
What is the greatest common divisor of 29791 and 279?
31
Calculate the greatest common divisor of 66 and 59880.
6
What is the greatest common divisor of 12796 and 341379?
457
Calculate the highest common divisor of 58773 and 99.
33
Calculate the highest common factor of 35838 and 102.
6
Calculate the greatest common divisor of 20295 and 4551.
123
What is the greatest common factor of 7668 and 3870?
18
Calculate the greatest common factor of 20 and 60460.
20
What is the highest common factor of 145173 and 8463?
651
Calculate the greatest common factor of 13574 and 1851.
617
Calculate the greatest common divisor of 29744 and 16.
16
What is the greatest common divisor of 609406 and 2204?
1102
Calculate the greatest common factor of 2012 and 12640.
4
What is the highest common divisor of 669 and 213?
3
What is the greatest common divisor of 139482 and 2870?
574
What is the highest common divisor of 24 and 5717?
1
Calculate the highest common factor of 184206 and 198.
66
Calculate the highest common factor of 759 and 2096358.
759
What is the greatest common divisor of 800 and 150?
50
Calculate the greatest common divisor of 59535 and 2673.
243
Calculate the greatest common divisor of 99470 and 29.
29
What is the greatest common factor of 29810 and 5940?
110
What is the highest common factor of 38420 and 620?
20
Calculate the greatest common factor of 1309 and 68.
17
What is the highest common factor of 169 and 172549?
169
Calculate the greatest common factor of 1955 and 5083.
391
What is the greatest common divisor of 92472 and 1776?
24
Calculate the greatest common divisor of 4195665 and 15.
15
Calculate the greatest common divisor of 1836 and 5452002.
918
Calculate the greatest common factor of 69500 and 3500.
500
Calculate the highest common factor of 2640 and 9735.
165
What is the greatest common divisor of 214 and 41944?
214
Calculate the highest common divisor of 188 and 213944.
188
What is the greatest common divisor of 20 and 2381180?
20
What is the greatest common factor of 1920 and 592512?
384
What is the highest common factor of 12 and 33204?
12
Calculate the highest common factor of 30 and 21271290.
30
What is the greatest common divisor of 34975 and 125?
25
What is the highest common divisor of 111723 and 3507?
501
What is the highest common factor of 6 and 236790?
6
What is the highest common factor of 15880 and 25200?
40
Calculate the highest common divisor of 609 and 57681.
87
What is the highest common factor of 1258 and 28526?
34
Calculate the greatest common divisor of 5265 and 156585.
195
What is the greatest common divisor of 280 and 270?
10
What is the greatest common divisor of 45 and 3460?
5
Calculate the greatest common factor of 1048 and 20056.
8
Calculate the greatest common divisor of 1050 and 1602.
6
What is the highest common divisor of 2907 and 24021?
153
What is the highest common divisor of 2304 and 7232?
64
Calculate the highest common divisor of 2670 and 1422.
6
What is the highest common divisor of 52811 and 1705?
11
Calculate the highest common factor of 23136 and 22464.
96
Calculate the highest common factor of 320810 and 10.
10
Calculate the highest common factor of 423936 and 92.
92
What is the highest common divisor of 20 and 112590?
10
Calculate the highest common factor of 123994 and 52.
26
What is the greatest common divisor of 30 and 206725?
5
What is the greatest common divisor of 47286 and 2982?
426
What is the highest common factor of 160 and 14165?
5
Calculate the greatest common factor of 4489 and 2814.
67
Calculate the highest common factor of 2893 and 11046.
263
What is the highest common divisor of 19156 and 20?
4
What is the greatest common factor of 8867166 and 1129?
1129
What is the highest common divisor of 209 and 34408?
11
Calculate the highest common divisor of 162 and 327.
3
Calculate the greatest common divisor of 2030 and 66430.
70
Calculate the highest common factor of 82110 and 7130.
230
What is the greatest common divisor of 33255 and 240?
15
Calculate the highest common factor of 277472 and 16.
16
What is the highest common divisor of 4068 and 29646?
18
What is the highest common divisor of 1048 and 1954258?
262
Calculate the greatest common factor of 962193 and 27570.
2757
Calculate the greatest common factor of 560 and 29253.
7
What is the greatest common divisor of 251425 and 200?
25
What is the highest common divisor of 2011982 and 1049?
1049
Calculate the highest common divisor of 3095909 and 223.
223
What is the greatest common factor of 2982 and 3885?
21
Calculate the highest common factor of 30 and 12678.
6
Calculate the greatest common factor of 3300 and 2541.
33
Calculate the greatest common divisor of 89181 and 972.
243
Calculate the greatest common factor of 43875 and 335205.
1755
Calculate the greatest common factor of 549 and 3501.
9
Calculate the greatest common factor of 40836 and 65238.
498
Calculate the highest common 